{"id":887,"date":"2018-01-30T06:42:55","date_gmt":"2018-01-30T06:42:55","guid":{"rendered":"http:\/\/pubweb.carnet.hr\/dkst\/?page_id=887"},"modified":"2025-06-18T15:15:37","modified_gmt":"2025-06-18T15:15:37","slug":"glasnik-drustva-bibliotekara","status":"publish","type":"page","link":"https:\/\/dkst.hr\/?page_id=887","title":{"rendered":"GLASNIK DRU\u0160TVA"},"content":{"rendered":"<p><span style=\"vertical-align: inherit;\"><span style=\"vertical-align: inherit;\"><span style=\"vertical-align: inherit;\"><span style=\"vertical-align: inherit;\">Uredni\u0161tvo <\/span><\/span><em><span style=\"vertical-align: inherit;\"><span style=\"vertical-align: inherit;\">Glasnika Dru\u0161tva bibliotekara Split<\/span><\/span><\/em><span style=\"vertical-align: inherit;\"><span style=\"vertical-align: inherit;\"> poziva sve zainteresirane kolege da se jave sa svojim prilozima (\u010dlanci, prikazi&#8230;) za sljede\u0107i broj <\/span><\/span><em><span style=\"vertical-align: inherit;\"><span style=\"vertical-align: inherit;\">Glasnika<\/span><\/span><\/em><span style=\"vertical-align: inherit;\"><span style=\"vertical-align: inherit;\"> .<\/span><\/span><\/span><\/span><\/p>\r\n<p><span style=\"vertical-align: inherit;\"><span style=\"vertical-align: inherit;\"><span style=\"vertical-align: inherit;\"><span style=\"vertical-align: inherit;\">Radovi se \u0161alju napisani sukladno <a href=\"https:\/\/dkst.hr\/?page_id=503\">Smjernicama autorima<\/a> na e-po\u0161tansku adresu: <\/span><\/span><a href=\"mailto:glasnik.dkst@gmail.com\"><span style=\"vertical-align: inherit;\"><span style=\"vertical-align: inherit;\">glasnik.dkst@gmail.com<\/span><\/span><\/a><span style=\"vertical-align: inherit;\"><span style=\"vertical-align: inherit;\"> .<\/span><\/span><\/span><\/span><\/p>\r\n\r\n<p>&nbsp;<\/p>\r\n","protected":false},"excerpt":{"rendered":"<p>Uredni\u0161tvo Glasnika Dru\u0161tva bibliotekara Split poziva sve zainteresirane kolege da se jave sa svojim prilozima (\u010dlanci, prikazi&#8230;) za sljede\u0107i broj Glasnika . Radovi se \u0161alju napisani sukladno Smjernicama autorima na&#8230; <\/p>\n","protected":false},"author":1,"featured_media":1295,"parent":0,"menu_order":0,"comment_status":"closed","ping_status":"closed","template":"","meta":{"pgc_meta":"","spay_email":""},"pgc_meta":"","_links":{"self":[{"href":"https:\/\/dkst.hr\/index.php?rest_route=\/wp\/v2\/pages\/887"}],"collection":[{"href":"https:\/\/dkst.hr\/index.php?rest_route=\/wp\/v2\/pages"}],"about":[{"href":"https:\/\/dkst.hr\/index.php?rest_route=\/wp\/v2\/types\/page"}],"author":[{"embeddable":true,"href":"https:\/\/dkst.hr\/index.php?rest_route=\/wp\/v2\/users\/1"}],"replies":[{"embeddable":true,"href":"https:\/\/dkst.hr\/index.php?rest_route=%2Fwp%2Fv2%2Fcomments&post=887"}],"version-history":[{"count":11,"href":"https:\/\/dkst.hr\/index.php?rest_route=\/wp\/v2\/pages\/887\/revisions"}],"predecessor-version":[{"id":2759,"href":"https:\/\/dkst.hr\/index.php?rest_route=\/wp\/v2\/pages\/887\/revisions\/2759"}],"wp:featuredmedia":[{"embeddable":true,"href":"https:\/\/dkst.hr\/index.php?rest_route=\/wp\/v2\/media\/1295"}],"wp:attachment":[{"href":"https:\/\/dkst.hr\/index.php?rest_route=%2Fwp%2Fv2%2Fmedia&parent=887"}],"curies":[{"name":"wp","href":"https:\/\/api.w.org\/{rel}","templated":true}]}}