{"id":712,"date":"2017-06-27T12:49:43","date_gmt":"2017-06-27T12:49:43","guid":{"rendered":"http:\/\/pubweb.carnet.hr\/dkst\/?page_id=712"},"modified":"2017-06-27T12:49:43","modified_gmt":"2017-06-27T12:49:43","slug":"broj-9","status":"publish","type":"page","link":"https:\/\/dkst.hr\/?page_id=712","title":{"rendered":"Broj 9"},"content":{"rendered":"<p><img decoding=\"async\" loading=\"lazy\" class=\"alignnone size-medium wp-image-714\" src=\"http:\/\/pubweb.carnet.hr\/dkst\/wp-content\/uploads\/sites\/186\/2017\/06\/Glasnik_0920110001-207x300.jpg\" alt=\"\" width=\"207\" height=\"300\" srcset=\"https:\/\/dkst.hr\/wp-content\/uploads\/2017\/06\/Glasnik_0920110001-207x300.jpg 207w, https:\/\/dkst.hr\/wp-content\/uploads\/2017\/06\/Glasnik_0920110001.jpg 255w\" sizes=\"(max-width: 207px) 100vw, 207px\" \/><\/p>\n<p><strong>SADR\u017dAJ broja 9\/2011.<\/strong><\/p>\n<p><strong>Predgovor\u00a0<\/strong><\/p>\n<p><strong>\u010clanci<\/strong><\/p>\n<p>Zagorka Majstorovi\u0107: Mati\u010dna djelatnost za visoko\u0161kolske i specijalne knji\u017enice (str. 11-20)<\/p>\n<p>\u017dana Siminiati Violi\u0107: Uloga knji\u017eni\u010dara &#8211; predmetnih stru\u010dnjaka u Bolonjskom procesu na Umjetni\u010dkoj akademiji u Splitu (str. 21-32)<\/p>\n<p>Margita Zakarija: Pregled na\u010dina signiranja u Sveu\u010dili\u0161noj knji\u017enici u Splitu (str. 33-39)<\/p>\n<p>Josip Duki\u0107: Biblioteka Ivan Pa\u0161tri\u0107 (str. 40-51)<\/p>\n<p>Gordana Miolin: \u0160ezdeset godina djelovanja Gradske knji\u017enice Marka Maruli\u0107a u Splitu (str. 52-67)<\/p>\n<p>Edita Ba\u010di\u0107: Pedeset godina djelovanja Knji\u017enice Pravnoga fakulteta u Splitu (str. 68-82)<\/p>\n<p>Svjetlana Buljevi\u0107: \u017divotni put knji\u017eara, nakladnika i pjesnika Jakova Tomasovi\u0107a i njegove ostav\u0161tine pohranjene u zavi\u010dajnoj zbirci Narodne knji\u017enice Omi\u0161<\/p>\n<p>(str. 83-93)<\/p>\n<p>Meri Butiri\u0107: Knji\u017eni\u010dne usluge za korisnike tre\u0107e \u017eivotne dobi (str. 94-101)<\/p>\n<p><strong>Osvrti<\/strong><\/p>\n<p>Ana Utrobi\u010di\u0107: The Cochrane Collaboration: mjesto na kojemu se knji\u017eni\u010dari cijene (str. 103-105)<\/p>\n<p>Dubravka Dujmovi\u0107: Uz posljednji tiskani broj \u010dasopisa Cimbas (str. 106-111)<\/p>\n<p>Nada Topi\u0107: Deset godina izdava\u0161tva Gradske knji\u017enice Solin (str. 112-113)<\/p>\n<p>Nikla Barbari\u0107: Gradska knji\u017enica i \u010ditaonica Hvar (str. 114-115)<\/p>\n<p>Asja Vlak: Moje fe\u0161te (str. 116-133)<\/p>\n<p><strong>Bibliografije<\/strong><\/p>\n<p>Vanja \u0160krobica: Prilozi za bibliografiju o \u0160koli likovnih umjetnosti u Splitu (str. 135-144)<\/p>\n<p>Bibliografije radova \u010dlanova Dru\u0161tva knji\u017eni\u010dara u Splitu: Hanja Ani\u0107, Edita Ba\u010di\u0107, Meri Butiri\u0107, Dubravka Dujmovi\u0107 (str. 145-153)<\/p>\n<p><strong>Iz rada Dru\u0161tva knji\u017eni\u010dara u Splitu<\/strong><\/p>\n<p>Dijana Erceg: Izvje\u0161taj o radu Dru\u0161tva knji\u017eni\u010dara u Splitu (str. 155-166)<\/p>\n<p>Dubravka Dujmovi\u0107: Nagrade i napredovanja \u010dlanova Dru\u0161tva knji\u017eni\u010dara u Splitu (str. 167)<\/p>\n<p>Statut Dru\u0161tva knji\u017eni\u010dara u Splitu (str. 168-181)<\/p>\n<p><strong>In memoriam\u00a0<\/strong><\/p>\n<p>\u0160imun Juri\u0161i\u0107 (str. 183-184)<\/p>\n<p>Milivoj Zeni\u0107 (str. 185-186)<\/p>\n<p>Miriam Suboti\u0107 (str. 187-188)<\/p>\n<p>&nbsp;<\/p>\n","protected":false},"excerpt":{"rendered":"<p>SADR\u017dAJ broja 9\/2011. Predgovor\u00a0 \u010clanci Zagorka Majstorovi\u0107: Mati\u010dna djelatnost za visoko\u0161kolske i specijalne knji\u017enice (str. 11-20) \u017dana Siminiati Violi\u0107: Uloga knji\u017eni\u010dara &#8211; predmetnih stru\u010dnjaka u Bolonjskom procesu na Umjetni\u010dkoj akademiji&#8230; <\/p>\n","protected":false},"author":1,"featured_media":0,"parent":0,"menu_order":0,"comment_status":"closed","ping_status":"closed","template":"","meta":{"pgc_meta":"","spay_email":""},"pgc_meta":"","_links":{"self":[{"href":"https:\/\/dkst.hr\/index.php?rest_route=\/wp\/v2\/pages\/712"}],"collection":[{"href":"https:\/\/dkst.hr\/index.php?rest_route=\/wp\/v2\/pages"}],"about":[{"href":"https:\/\/dkst.hr\/index.php?rest_route=\/wp\/v2\/types\/page"}],"author":[{"embeddable":true,"href":"https:\/\/dkst.hr\/index.php?rest_route=\/wp\/v2\/users\/1"}],"replies":[{"embeddable":true,"href":"https:\/\/dkst.hr\/index.php?rest_route=%2Fwp%2Fv2%2Fcomments&post=712"}],"version-history":[{"count":0,"href":"https:\/\/dkst.hr\/index.php?rest_route=\/wp\/v2\/pages\/712\/revisions"}],"wp:attachment":[{"href":"https:\/\/dkst.hr\/index.php?rest_route=%2Fwp%2Fv2%2Fmedia&parent=712"}],"curies":[{"name":"wp","href":"https:\/\/api.w.org\/{rel}","templated":true}]}}