{"id":2491,"date":"2023-12-12T13:12:32","date_gmt":"2023-12-12T13:12:32","guid":{"rendered":"http:\/\/dkst.hr\/?page_id=2491"},"modified":"2023-12-27T11:17:20","modified_gmt":"2023-12-27T11:17:20","slug":"9-strucni-kolokvij","status":"publish","type":"page","link":"https:\/\/dkst.hr\/?page_id=2491","title":{"rendered":"9. stru\u010dni kolokvij"},"content":{"rendered":"\n<p>Datum: 19. prosinca 2023. (utorak) 13:00 \u2013 14:30 h<br>Mjesto: Gradska knji\u017enica Marka Maruli\u0107a (Split, Ulica slobode 2)<br>Moderatorica: Romana Jadrijevi\u0107 (Knji\u017enica Klini\u010dkog bolni\u010dkog centra Split)<\/p>\n\n\n\n<p><strong>PROGRAM<\/strong><\/p>\n\n\n\n<p>13:00-13:05<br><strong><em>Uvodna rije\u010d<\/em><\/strong><\/p>\n\n\n\n<p>13:05-13:20<br><strong><em>O radu s mladima u knji\u017enicama u Hrvatskoj s naglaskom na rad s mladima u Solinu<\/em><\/strong><br>Jasminka Peri\u0107, Gradska knji\u017enica Solin<\/p>\n\n\n\n<p>13:20-13:35<br><em><strong>Uloga stru\u010dnog suradnika knji\u017eni\u010dara u \u0161kolskim projektima: primjer projekta \u201eSlavne \u017eene\u201c<\/strong><\/em><br>dr. sc. Nada Topi\u0107, Osnovna \u0161kola Vjekoslava Para\u0107a, Solin<\/p>\n\n\n\n<p>13:35-13:50<br><strong><em>Predmetna obrada publikacija iz podru\u010dja biomedicine i zdravstva<\/em><\/strong><br>Ivana Babi\u0107, Knji\u017enica Klini\u010dkog bolni\u010dkog centra Split<\/p>\n\n\n\n<p>13:50-14:05<br><strong><em>Novosti s 48. Skup\u0161tine Hrvatskoga knji\u017eni\u010darskog dru\u0161tva<\/em><\/strong><br>Romana Jadrijevi\u0107, Knji\u017enica Klini\u010dkog bolni\u010dkog centra Split<\/p>\n\n\n\n<p>14:05-14:20<br><strong><em>Zavr\u0161na rasprava i najave doga\u0111anja<\/em><\/strong><\/p>\n\n\n\n<div class=\"wp-block-jetpack-slideshow aligncenter\" data-effect=\"slide\"><div class=\"wp-block-jetpack-slideshow_container swiper-container\"><ul class=\"wp-block-jetpack-slideshow_swiper-wrapper swiper-wrapper\"><li class=\"wp-block-jetpack-slideshow_slide swiper-slide\"><figure><img decoding=\"async\" loading=\"lazy\" width=\"1536\" height=\"2048\" alt=\"\" class=\"wp-block-jetpack-slideshow_image wp-image-2511\" data-id=\"2511\" src=\"https:\/\/dkst.hr\/wp-content\/uploads\/2023\/12\/Ivana1-1.jpg\" srcset=\"https:\/\/dkst.hr\/wp-content\/uploads\/2023\/12\/Ivana1-1.jpg 1536w, https:\/\/dkst.hr\/wp-content\/uploads\/2023\/12\/Ivana1-1-225x300.jpg 225w, https:\/\/dkst.hr\/wp-content\/uploads\/2023\/12\/Ivana1-1-768x1024.jpg 768w, https:\/\/dkst.hr\/wp-content\/uploads\/2023\/12\/Ivana1-1-1152x1536.jpg 1152w\" sizes=\"(max-width: 1536px) 100vw, 1536px\" \/><\/figure><\/li><li class=\"wp-block-jetpack-slideshow_slide swiper-slide\"><figure><img decoding=\"async\" loading=\"lazy\" width=\"2048\" height=\"1536\" alt=\"\" class=\"wp-block-jetpack-slideshow_image wp-image-2512\" data-id=\"2512\" src=\"https:\/\/dkst.hr\/wp-content\/uploads\/2023\/12\/Ivana2-1.jpg\" srcset=\"https:\/\/dkst.hr\/wp-content\/uploads\/2023\/12\/Ivana2-1.jpg 2048w, https:\/\/dkst.hr\/wp-content\/uploads\/2023\/12\/Ivana2-1-300x225.jpg 300w, https:\/\/dkst.hr\/wp-content\/uploads\/2023\/12\/Ivana2-1-1024x768.jpg 1024w, https:\/\/dkst.hr\/wp-content\/uploads\/2023\/12\/Ivana2-1-768x576.jpg 768w, https:\/\/dkst.hr\/wp-content\/uploads\/2023\/12\/Ivana2-1-1536x1152.jpg 1536w, https:\/\/dkst.hr\/wp-content\/uploads\/2023\/12\/Ivana2-1-240x180.jpg 240w\" sizes=\"(max-width: 2048px) 100vw, 2048px\" \/><\/figure><\/li><li class=\"wp-block-jetpack-slideshow_slide swiper-slide\"><figure><img decoding=\"async\" loading=\"lazy\" width=\"1536\" height=\"2048\" alt=\"\" class=\"wp-block-jetpack-slideshow_image wp-image-2513\" data-id=\"2513\" src=\"https:\/\/dkst.hr\/wp-content\/uploads\/2023\/12\/Jasa.jpg\" srcset=\"https:\/\/dkst.hr\/wp-content\/uploads\/2023\/12\/Jasa.jpg 1536w, https:\/\/dkst.hr\/wp-content\/uploads\/2023\/12\/Jasa-225x300.jpg 225w, https:\/\/dkst.hr\/wp-content\/uploads\/2023\/12\/Jasa-768x1024.jpg 768w, https:\/\/dkst.hr\/wp-content\/uploads\/2023\/12\/Jasa-1152x1536.jpg 1152w\" sizes=\"(max-width: 1536px) 100vw, 1536px\" \/><\/figure><\/li><li class=\"wp-block-jetpack-slideshow_slide swiper-slide\"><figure><img decoding=\"async\" loading=\"lazy\" width=\"2048\" height=\"1536\" alt=\"\" class=\"wp-block-jetpack-slideshow_image wp-image-2514\" data-id=\"2514\" src=\"https:\/\/dkst.hr\/wp-content\/uploads\/2023\/12\/Jasa2.jpg\" srcset=\"https:\/\/dkst.hr\/wp-content\/uploads\/2023\/12\/Jasa2.jpg 2048w, https:\/\/dkst.hr\/wp-content\/uploads\/2023\/12\/Jasa2-300x225.jpg 300w, https:\/\/dkst.hr\/wp-content\/uploads\/2023\/12\/Jasa2-1024x768.jpg 1024w, https:\/\/dkst.hr\/wp-content\/uploads\/2023\/12\/Jasa2-768x576.jpg 768w, https:\/\/dkst.hr\/wp-content\/uploads\/2023\/12\/Jasa2-1536x1152.jpg 1536w, https:\/\/dkst.hr\/wp-content\/uploads\/2023\/12\/Jasa2-240x180.jpg 240w\" sizes=\"(max-width: 2048px) 100vw, 2048px\" \/><figcaption class=\"wp-block-jetpack-slideshow_caption gallery-caption\">qrf<\/figcaption><\/figure><\/li><li class=\"wp-block-jetpack-slideshow_slide swiper-slide\"><figure><img decoding=\"async\" loading=\"lazy\" width=\"1536\" height=\"2048\" alt=\"\" class=\"wp-block-jetpack-slideshow_image wp-image-2515\" data-id=\"2515\" src=\"https:\/\/dkst.hr\/wp-content\/uploads\/2023\/12\/Nada.jpg\" srcset=\"https:\/\/dkst.hr\/wp-content\/uploads\/2023\/12\/Nada.jpg 1536w, https:\/\/dkst.hr\/wp-content\/uploads\/2023\/12\/Nada-225x300.jpg 225w, https:\/\/dkst.hr\/wp-content\/uploads\/2023\/12\/Nada-768x1024.jpg 768w, https:\/\/dkst.hr\/wp-content\/uploads\/2023\/12\/Nada-1152x1536.jpg 1152w\" sizes=\"(max-width: 1536px) 100vw, 1536px\" \/><\/figure><\/li><li class=\"wp-block-jetpack-slideshow_slide swiper-slide\"><figure><img decoding=\"async\" loading=\"lazy\" width=\"1536\" height=\"2048\" alt=\"\" class=\"wp-block-jetpack-slideshow_image wp-image-2522\" data-id=\"2522\" src=\"https:\/\/dkst.hr\/wp-content\/uploads\/2023\/12\/Nada2-2.jpg\" srcset=\"https:\/\/dkst.hr\/wp-content\/uploads\/2023\/12\/Nada2-2.jpg 1536w, https:\/\/dkst.hr\/wp-content\/uploads\/2023\/12\/Nada2-2-225x300.jpg 225w, https:\/\/dkst.hr\/wp-content\/uploads\/2023\/12\/Nada2-2-768x1024.jpg 768w, https:\/\/dkst.hr\/wp-content\/uploads\/2023\/12\/Nada2-2-1152x1536.jpg 1152w\" sizes=\"(max-width: 1536px) 100vw, 1536px\" \/><\/figure><\/li><li class=\"wp-block-jetpack-slideshow_slide swiper-slide\"><figure><img decoding=\"async\" loading=\"lazy\" width=\"1536\" height=\"2048\" alt=\"\" class=\"wp-block-jetpack-slideshow_image wp-image-2523\" data-id=\"2523\" src=\"https:\/\/dkst.hr\/wp-content\/uploads\/2023\/12\/Romana-2.jpg\" srcset=\"https:\/\/dkst.hr\/wp-content\/uploads\/2023\/12\/Romana-2.jpg 1536w, https:\/\/dkst.hr\/wp-content\/uploads\/2023\/12\/Romana-2-225x300.jpg 225w, https:\/\/dkst.hr\/wp-content\/uploads\/2023\/12\/Romana-2-768x1024.jpg 768w, https:\/\/dkst.hr\/wp-content\/uploads\/2023\/12\/Romana-2-1152x1536.jpg 1152w\" sizes=\"(max-width: 1536px) 100vw, 1536px\" \/><\/figure><\/li><li class=\"wp-block-jetpack-slideshow_slide swiper-slide\"><figure><img decoding=\"async\" loading=\"lazy\" width=\"2048\" height=\"1536\" alt=\"\" class=\"wp-block-jetpack-slideshow_image wp-image-2510\" data-id=\"2510\" src=\"https:\/\/dkst.hr\/wp-content\/uploads\/2023\/12\/9.-kolokvij-1.jpg\" srcset=\"https:\/\/dkst.hr\/wp-content\/uploads\/2023\/12\/9.-kolokvij-1.jpg 2048w, https:\/\/dkst.hr\/wp-content\/uploads\/2023\/12\/9.-kolokvij-1-300x225.jpg 300w, https:\/\/dkst.hr\/wp-content\/uploads\/2023\/12\/9.-kolokvij-1-1024x768.jpg 1024w, https:\/\/dkst.hr\/wp-content\/uploads\/2023\/12\/9.-kolokvij-1-768x576.jpg 768w, https:\/\/dkst.hr\/wp-content\/uploads\/2023\/12\/9.-kolokvij-1-1536x1152.jpg 1536w, https:\/\/dkst.hr\/wp-content\/uploads\/2023\/12\/9.-kolokvij-1-240x180.jpg 240w\" sizes=\"(max-width: 2048px) 100vw, 2048px\" \/><\/figure><\/li><\/ul><a class=\"wp-block-jetpack-slideshow_button-prev swiper-button-prev swiper-button-white\" role=\"button\"><\/a><a class=\"wp-block-jetpack-slideshow_button-next swiper-button-next swiper-button-white\" role=\"button\"><\/a><a aria-label=\"Pause Slideshow\" class=\"wp-block-jetpack-slideshow_button-pause\" role=\"button\"><\/a><div class=\"wp-block-jetpack-slideshow_pagination swiper-pagination swiper-pagination-white\"><\/div><\/div><\/div>\n","protected":false},"excerpt":{"rendered":"<p>Datum: 19. prosinca 2023. (utorak) 13:00 \u2013 14:30 hMjesto: Gradska knji\u017enica Marka Maruli\u0107a (Split, Ulica slobode 2)Moderatorica: Romana Jadrijevi\u0107 (Knji\u017enica Klini\u010dkog bolni\u010dkog centra Split) PROGRAM 13:00-13:05Uvodna rije\u010d 13:05-13:20O radu s&#8230; <\/p>\n","protected":false},"author":2,"featured_media":0,"parent":0,"menu_order":0,"comment_status":"closed","ping_status":"closed","template":"","meta":{"pgc_meta":"","spay_email":""},"pgc_meta":"","_links":{"self":[{"href":"https:\/\/dkst.hr\/index.php?rest_route=\/wp\/v2\/pages\/2491"}],"collection":[{"href":"https:\/\/dkst.hr\/index.php?rest_route=\/wp\/v2\/pages"}],"about":[{"href":"https:\/\/dkst.hr\/index.php?rest_route=\/wp\/v2\/types\/page"}],"author":[{"embeddable":true,"href":"https:\/\/dkst.hr\/index.php?rest_route=\/wp\/v2\/users\/2"}],"replies":[{"embeddable":true,"href":"https:\/\/dkst.hr\/index.php?rest_route=%2Fwp%2Fv2%2Fcomments&post=2491"}],"version-history":[{"count":4,"href":"https:\/\/dkst.hr\/index.php?rest_route=\/wp\/v2\/pages\/2491\/revisions"}],"predecessor-version":[{"id":2525,"href":"https:\/\/dkst.hr\/index.php?rest_route=\/wp\/v2\/pages\/2491\/revisions\/2525"}],"wp:attachment":[{"href":"https:\/\/dkst.hr\/index.php?rest_route=%2Fwp%2Fv2%2Fmedia&parent=2491"}],"curies":[{"name":"wp","href":"https:\/\/api.w.org\/{rel}","templated":true}]}}