{"id":1223,"date":"2018-03-22T08:30:56","date_gmt":"2018-03-22T08:30:56","guid":{"rendered":"http:\/\/dkst.hr\/?page_id=1223"},"modified":"2025-11-14T11:28:38","modified_gmt":"2025-11-14T11:28:38","slug":"visa-strucna-zvanja","status":"publish","type":"page","link":"https:\/\/dkst.hr\/?page_id=1223","title":{"rendered":"Vi\u0161a stru\u010dna zvanja"},"content":{"rendered":"<p><span style=\"vertical-align: inherit;\"><span style=\"vertical-align: inherit;\">Na\u0161i \u010dlanovi u vi\u0161im stru\u010dnim zvanjima:<\/span><\/span><\/p>\n<p><strong><span style=\"vertical-align: inherit;\"><span style=\"vertical-align: inherit;\">KNJI\u017dNI\u010cARSKI SAVJETNICI<\/span><\/span><\/strong><\/p>\n<p><span style=\"vertical-align: inherit;\"><span style=\"vertical-align: inherit;\">Ba\u010di\u0107, Edita<br \/>\n<\/span><\/span>Brbora, Sanja<br \/>\n<span style=\"vertical-align: inherit;\"><span style=\"vertical-align: inherit;\">Dimzov, Snje\u017eana <\/span><\/span><br \/>\n<span style=\"vertical-align: inherit;\"><span style=\"vertical-align: inherit;\">Kova\u010di\u0107, Mihaela <\/span><\/span><br \/>\n<span style=\"vertical-align: inherit;\"><span style=\"vertical-align: inherit;\">Mato\u0161i\u0107, Mirta<br \/>\n<\/span><\/span>Me\u0161trovi\u0107, Iva<br \/>\n<span style=\"vertical-align: inherit;\"><span style=\"vertical-align: inherit;\">Miolin, Gordana <\/span><\/span><br \/>\n<span style=\"vertical-align: inherit;\"><span style=\"vertical-align: inherit;\">Ribi\u010di\u0107, Grozdana <\/span><\/span><br \/>\n<span style=\"vertical-align: inherit;\"><span style=\"vertical-align: inherit;\">Topi\u0107, Nada<\/span><\/span><\/p>\n<p><strong><span style=\"vertical-align: inherit;\"><span style=\"vertical-align: inherit;\">VI\u0160I KNJI\u017dNI\u010cARI<\/span><\/span><\/strong><\/p>\n<p><span style=\"vertical-align: inherit;\"><span style=\"vertical-align: inherit;\">Brbora, Sanja <\/span><\/span><br \/>\n<span style=\"vertical-align: inherit;\"><span style=\"vertical-align: inherit;\">Devi\u0107, Ivana<\/span><\/span><br \/>\n<span style=\"vertical-align: inherit;\"><span style=\"vertical-align: inherit;\">Dujmovi\u0107, Dubravka <\/span><\/span><br \/>\n<span style=\"vertical-align: inherit;\"><span style=\"vertical-align: inherit;\">Jadrijevi\u0107, Romana <\/span><\/span><br \/>\n<span style=\"vertical-align: inherit;\"><span style=\"vertical-align: inherit;\">Ljubi\u0107, Ivana<\/span><\/span><br \/>\n<span style=\"vertical-align: inherit;\"><span style=\"vertical-align: inherit;\">Mir\u010deta Zakarija, Margita <\/span><\/span><br \/>\n<span style=\"vertical-align: inherit;\"><span style=\"vertical-align: inherit;\">Siminiati Violi\u0107, \u017dana <\/span><\/span><br \/>\n<span style=\"vertical-align: inherit;\"><span style=\"vertical-align: inherit;\">Stani\u010di\u0107, Tomislav<br \/>\n<\/span><\/span>Stazi\u0107, Maja<br \/>\n<span style=\"vertical-align: inherit;\"><span style=\"vertical-align: inherit;\">Urem, Irena <\/span><\/span><br \/>\n<span style=\"vertical-align: inherit;\"><span style=\"vertical-align: inherit;\">Utrobi\u010di\u0107, Ana<\/span><\/span><\/p>\n<p><strong><span style=\"vertical-align: inherit;\"><span style=\"vertical-align: inherit;\">STRU\u010cNI SURADNICI &#8211; SAVJETNICI<\/span><\/span><\/strong><\/p>\n<p><span style=\"vertical-align: inherit;\"><span style=\"vertical-align: inherit;\">Pleji\u0107, Maglica<\/span><\/span><\/p>\n<p><strong><span style=\"vertical-align: inherit;\"><span style=\"vertical-align: inherit;\">STRU\u010cNI SURADNICI &#8211; MENTORI<\/span><\/span><\/strong><\/p>\n<p><span style=\"vertical-align: inherit;\"><span style=\"vertical-align: inherit;\">Turi\u0107 Erceg, Adriana <\/span><\/span><br \/>\n<span style=\"vertical-align: inherit;\"><span style=\"vertical-align: inherit;\">Topi\u0107, Nada<\/span><\/span><\/p>\n","protected":false},"excerpt":{"rendered":"<p>Na\u0161i \u010dlanovi u vi\u0161im stru\u010dnim zvanjima: KNJI\u017dNI\u010cARSKI SAVJETNICI Ba\u010di\u0107, Edita Brbora, Sanja Dimzov, Snje\u017eana Kova\u010di\u0107, Mihaela Mato\u0161i\u0107, Mirta Me\u0161trovi\u0107, Iva Miolin, Gordana Ribi\u010di\u0107, Grozdana Topi\u0107, Nada VI\u0160I KNJI\u017dNI\u010cARI Brbora, Sanja&#8230; <\/p>\n","protected":false},"author":2,"featured_media":0,"parent":0,"menu_order":0,"comment_status":"closed","ping_status":"closed","template":"","meta":{"pgc_meta":"","spay_email":""},"pgc_meta":"","_links":{"self":[{"href":"https:\/\/dkst.hr\/index.php?rest_route=\/wp\/v2\/pages\/1223"}],"collection":[{"href":"https:\/\/dkst.hr\/index.php?rest_route=\/wp\/v2\/pages"}],"about":[{"href":"https:\/\/dkst.hr\/index.php?rest_route=\/wp\/v2\/types\/page"}],"author":[{"embeddable":true,"href":"https:\/\/dkst.hr\/index.php?rest_route=\/wp\/v2\/users\/2"}],"replies":[{"embeddable":true,"href":"https:\/\/dkst.hr\/index.php?rest_route=%2Fwp%2Fv2%2Fcomments&post=1223"}],"version-history":[{"count":16,"href":"https:\/\/dkst.hr\/index.php?rest_route=\/wp\/v2\/pages\/1223\/revisions"}],"predecessor-version":[{"id":2802,"href":"https:\/\/dkst.hr\/index.php?rest_route=\/wp\/v2\/pages\/1223\/revisions\/2802"}],"wp:attachment":[{"href":"https:\/\/dkst.hr\/index.php?rest_route=%2Fwp%2Fv2%2Fmedia&parent=1223"}],"curies":[{"name":"wp","href":"https:\/\/api.w.org\/{rel}","templated":true}]}}